{"id":333,"date":"2025-05-29T15:01:06","date_gmt":"2025-05-29T13:01:06","guid":{"rendered":"https:\/\/3scope.fr\/?page_id=333"},"modified":"2025-05-31T15:03:48","modified_gmt":"2025-05-31T13:03:48","slug":"empreinte","status":"publish","type":"page","link":"https:\/\/3scope.fr\/?page_id=333","title":{"rendered":"3Scope Empreinte"},"content":{"rendered":"<div class=\"is-default-size wp-block-site-logo\"><a href=\"https:\/\/3scope.fr\/\" class=\"custom-logo-link\" rel=\"home\"><img loading=\"lazy\" decoding=\"async\" width=\"104\" height=\"148\" src=\"https:\/\/3scope.fr\/wp-content\/uploads\/2024\/10\/logo-3scope-blc-1.png\" class=\"custom-logo\" alt=\"3scope\" \/><\/a><\/div>\n\n\n<figure class=\"wp-block-pullquote has-text-align-left has-theme-6-background-color has-background\"><blockquote><p><strong>Offre 1 \u2014 Empreinte Initiale<\/strong><br><\/p><cite><strong>Mise en place d\u2019un facteur d\u2019\u00e9mission carbone produit<\/strong><br><br><br>Aujourd\u2019hui, les entreprises ont besoin de savoir <strong>combien \u201cp\u00e8se\u201d vraiment un produit en termes d\u2019impact climatique.<br><\/strong> C\u2019est ce qu\u2019on appelle un <strong>facteur d\u2019\u00e9mission<\/strong> : un indicateur qui exprime les \u00e9missions de gaz \u00e0 effet de serre li\u00e9es \u00e0 <strong>la fabrication, au transport, \u00e0 l\u2019usage ou \u00e0 la fin de vie<\/strong> d\u2019un produit. Il est g\u00e9n\u00e9ralement exprim\u00e9 en grammes ou en kilos de CO\u2082e par unit\u00e9 produite.<br>Jusqu\u2019\u00e0 pr\u00e9sent, ces facteurs \u00e9taient souvent <strong>pioch\u00e9s dans des bases de donn\u00e9es g\u00e9n\u00e9riques<\/strong>, qui donnent des moyennes approximatives.<br>Mais cela ne suffit plus.<br>Chez 3scope, nous pensons qu\u2019il est temps de <strong>faire mieux<\/strong> :<br>En partant de vos <strong>donn\u00e9es r\u00e9elles<\/strong>,<br><br><br>En construisant un indicateur <strong>plus pr\u00e9cis, plus cr\u00e9dible<\/strong>,<br><br><br>Et en vous permettant de <strong>le faire \u00e9voluer dans le temps<\/strong>.<br><br><br>L\u2019offre <em>Empreinte Initiale<\/em> vous permet de d\u00e9marrer cette construction, <strong>\u00e0 partir d\u2019un produit concret de votre activit\u00e9<\/strong>, avec ce que vous savez d\u00e9j\u00e0. Et progressivement, on enrichit l\u2019indicateur ensemble.<br><br><br><br><strong>Une entr\u00e9e par le produit, pour piloter avec pr\u00e9cision<\/strong><br>Nous commen\u00e7ons par l\u2019<strong>analyse d\u2019un produit concret<\/strong>, qui repr\u00e9sente une part importante de votre activit\u00e9 ou de votre image de marque.<br>L\u2019objectif est de construire <strong>un facteur d\u2019\u00e9mission fiable (en g ou kg CO\u2082e \/ unit\u00e9)<\/strong>, issu de <strong>Le prix, la qualit\u00e9 et l\u2019impact<\/strong> : demain, ces trois dimensions seront au c\u0153ur de toutes les d\u00e9cisions d\u2019achat.<br>Avec <em>Empreinte Initiale<\/em>, vous prenez une longueur d\u2019avance.<br><br><br><br><strong>Pr\u00eat\u00b7e \u00e0 construire votre premier facteur d\u2019\u00e9mission ?<\/strong><br>\u2192 R\u00e9server un appel de d\u00e9couverte<br>\u2192 Demander une proposition personnalis\u00e9evos pratiques r\u00e9elles \u2014 et non d\u2019une base de donn\u00e9es g\u00e9n\u00e9rique.<br>Ce facteur devient :<br>Un <strong>outil de pilotage<\/strong> pour votre entreprise,<br><br><br>Un <strong>argument clair<\/strong> pour vos clients (qui vous int\u00e8grent dans leur Scope 3),<br><br><br>Un <strong>levier d\u2019anticipation r\u00e9glementaire<\/strong>,<br><br><br>Et un <strong>indicateur de progr\u00e8s<\/strong> que nous pouvons suivre et am\u00e9liorer ensemble.<br><br><br><br><br><br><strong>Notre m\u00e9thode : simplicit\u00e9, rigueur et agilit\u00e9<\/strong><br><strong>Cadrage (1h)<\/strong> \u2013 nous choisissons ensemble le produit \u00e0 analyser.<br><br><br><strong>Collecte initiale<\/strong> \u2013 nous exploitons les donn\u00e9es que vous avez d\u00e9j\u00e0 (mati\u00e8res, fabrication, transport, etc.).<br><br><br><strong>ACV simplifi\u00e9e<\/strong> \u2013 nous r\u00e9alisons l\u2019analyse carbone du produit avec m\u00e9thode.<br><br><br><strong>Restitution visuelle<\/strong> \u2013 vous recevez une fiche claire, partageable et actionnable.<br><br><br><strong>Dossier ouvert<\/strong> \u2013 votre indicateur sera mis \u00e0 jour tous les 6 ou 12 mois, \u00e0 votre rythme.<br><br><br>En parall\u00e8le, nous lan\u00e7ons avec vous une <strong>campagne de collecte progressive<\/strong> aupr\u00e8s de vos fournisseurs ou sous-traitants, pour enrichir l\u2019analyse au fil du temps avec des <strong>donn\u00e9es primaires<\/strong>.<br><br><br><br><strong>Ce que vous obtenez<\/strong><br>Un <strong>facteur d\u2019\u00e9mission produit clair<\/strong>, tra\u00e7able et utilisable<br><br><br>Une <strong>vision initiale de vos impacts<\/strong> et de vos leviers d\u2019action<br><br><br>Un <strong>indicateur \u00e9volutif<\/strong>, que nous mettons \u00e0 jour r\u00e9guli\u00e8rement<br><br><br>Un <strong>dossier structur\u00e9<\/strong>, activable pour la suite de votre strat\u00e9gie<br><br><br>Et si vous le souhaitez, ce dossier peut aussi \u00e9voluer vers <strong>d\u2019autres indicateurs d\u2019impact environnemental<\/strong> :<br>consommation d\u2019eau, d\u2019\u00e9nergie, \u00e9puisement des ressources, etc.<br><strong>Le facteur d\u2019\u00e9mission carbone est un point de d\u00e9part<\/strong>, mais peut devenir la base d\u2019une compr\u00e9hension \u00e9largie de la performance environnementale de vos produits.<br><br><br><br><\/cite><\/blockquote><\/figure>\n\n\n\n<p><\/p>\n\n\n\n<p class=\"has-theme-5-background-color has-background\">sdsdsdqsdsdsdsds<\/p>\n\n\n\n<figure class=\"wp-block-pullquote has-text-align-left has-theme-accent-color has-text-color has-link-color wp-elements-f13dd469d7296f16386376aa8eb51fbb\"><blockquote><p><strong>Exemple client : une \u00e9b\u00e9niste \u00e0 Toulon<\/strong><br>Une \u00e9b\u00e9niste professionnelle, install\u00e9e \u00e0 Toulon, fabrique du mobilier sur mesure pour des magasins.<br>Nous avons travaill\u00e9 ensemble sur un <strong>meuble d\u2019exposition modulaire<\/strong>, \u00e9l\u00e9ment central de son offre.<br>Avec les donn\u00e9es disponibles sur les essences de bois et la fabrication locale, nous avons construit un <strong>premier facteur d\u2019\u00e9mission<\/strong>.<br>En parall\u00e8le, elle a lanc\u00e9 une enqu\u00eate aupr\u00e8s de ses fournisseurs pour mieux conna\u00eetre l\u2019origine exacte de ses mat\u00e9riaux.<br>Chaque semestre, de nouvelles donn\u00e9es sont int\u00e9gr\u00e9es. <strong>Son indicateur progresse, sa strat\u00e9gie aussi.<\/strong><br><br><br><br><strong>Tarification modulable, selon votre r\u00e9alit\u00e9<\/strong><br>Nous proposons un tarif d\u2019entr\u00e9e \u00e0 <strong>490 \u20ac HT<\/strong>, valable pour un premier produit avec des donn\u00e9es accessibles.<br>Ce tarif peut varier selon :<br>La <strong>taille de votre entreprise<\/strong>,<br><br><br>La <strong>complexit\u00e9 du produit<\/strong> analys\u00e9,<br><br><br>Le <strong>niveau de donn\u00e9es disponibles<\/strong>,<br><br><br>L\u2019\u00e9ventuelle mise en place d\u2019une campagne de collecte.<br><br><br>Nous ne r\u00e9alisons pas d\u2019\u00e9tude pr\u00e9matur\u00e9e sans donn\u00e9es exploitables.<br>Mais <strong>aucun projet n\u2019est trop petit pour d\u00e9marrer<\/strong>, d\u00e8s lors que le produit est bien identifi\u00e9 et que quelques donn\u00e9es sont mobilisables.<br><br><br><br><strong>Et demain ?<\/strong><br>En construisant d\u00e8s aujourd\u2019hui <strong>vos premiers facteurs d\u2019\u00e9mission produit<\/strong>, vous vous pr\u00e9parez aux prochaines \u00e9tapes :<br>R\u00e9pondre aux exigences d\u2019achats responsables,<br><br><br>Anticiper les futures obligations de reporting,<br><br><br>Et participer activement \u00e0 la d\u00e9carbonation de votre secteur.<\/p><\/blockquote><\/figure>\n\n\n\n<figure class=\"wp-block-pullquote\"><blockquote><p><\/p><cite>sddsdsdsdsd<\/cite><\/blockquote><\/figure>\n\n\n\n<div class=\"wp-block-group has-global-padding is-layout-constrained wp-block-group-is-layout-constrained\">\n<div style=\"height:var(--wp--preset--spacing--10)\" aria-hidden=\"true\" class=\"wp-block-spacer\"><\/div>\n\n\n\n<div class=\"wp-block-group is-layout-flow wp-block-group-is-layout-flow\">\n<p class=\"is-style-text-subtitle is-style-text-subtitle--1\">Lates<\/p>\n\n\n\n<p class=\"has-theme-accent-background-color has-background\">dsdsdsddsdsdsdsd<\/p>\n<\/div>\n\n\n\n<div style=\"height:var(--wp--preset--spacing--10)\" aria-hidden=\"true\" class=\"wp-block-spacer\"><\/div>\n<\/div>\n","protected":false},"excerpt":{"rendered":"<p>Offre 1 \u2014 Empreinte Initiale Mise en place d\u2019un facteur d\u2019\u00e9mission carbone produit Aujourd\u2019hui, les entreprises ont besoin de savoir combien \u201cp\u00e8se\u201d vraiment un produit en termes d\u2019impact climatique. C\u2019est ce qu\u2019on appelle un facteur d\u2019\u00e9mission : un indicateur qui exprime les \u00e9missions de gaz \u00e0 effet de serre li\u00e9es \u00e0 la fabrication, au transport, [&hellip;]<\/p>\n","protected":false},"author":1,"featured_media":0,"parent":0,"menu_order":0,"comment_status":"closed","ping_status":"closed","template":"","meta":{"footnotes":""},"class_list":["post-333","page","type-page","status-publish","hentry"],"_links":{"self":[{"href":"https:\/\/3scope.fr\/index.php?rest_route=\/wp\/v2\/pages\/333","targetHints":{"allow":["GET"]}}],"collection":[{"href":"https:\/\/3scope.fr\/index.php?rest_route=\/wp\/v2\/pages"}],"about":[{"href":"https:\/\/3scope.fr\/index.php?rest_route=\/wp\/v2\/types\/page"}],"author":[{"embeddable":true,"href":"https:\/\/3scope.fr\/index.php?rest_route=\/wp\/v2\/users\/1"}],"replies":[{"embeddable":true,"href":"https:\/\/3scope.fr\/index.php?rest_route=%2Fwp%2Fv2%2Fcomments&post=333"}],"version-history":[{"count":6,"href":"https:\/\/3scope.fr\/index.php?rest_route=\/wp\/v2\/pages\/333\/revisions"}],"predecessor-version":[{"id":522,"href":"https:\/\/3scope.fr\/index.php?rest_route=\/wp\/v2\/pages\/333\/revisions\/522"}],"wp:attachment":[{"href":"https:\/\/3scope.fr\/index.php?rest_route=%2Fwp%2Fv2%2Fmedia&parent=333"}],"curies":[{"name":"wp","href":"https:\/\/api.w.org\/{rel}","templated":true}]}}